 of 15774 and 371406.
1434
Calculate the highest common factor of 120 and 693560.
40
What is the highest common factor of 66 and 1472680?
22
What is the highest common factor of 127696 and 96?
16
What is the greatest common factor of 1502 and 1333025?
751
Calculate the greatest common factor of 8950 and 3938.
358
What is the greatest common factor of 435 and 1073?
29
Calculate the highest common factor of 518 and 97643.
259
What is the greatest common divisor of 62335 and 2055?
685
What is the greatest common divisor of 5550 and 125?
25
What is the greatest common factor of 133914 and 12?
6
What is the highest common divisor of 559 and 286?
13
What is the greatest common divisor of 2215337 and 23?
23
Calculate the greatest common factor of 145 and 86246.
29
Calculate the greatest common divisor of 47 and 56306.
47
Calculate the highest common divisor of 170102 and 34.
34
What is the greatest common divisor of 198431 and 14911?
1147
What is the greatest common divisor of 54 and 1486?
2
What is the greatest common divisor of 268896 and 1092?
12
Calculate the highest common factor of 154 and 1492337.
77
What is the highest common factor of 416357 and 1745?
349
What is the highest common factor of 421 and 211763?
421
Calculate the highest common factor of 216 and 2382.
6
What is the highest common divisor of 11224 and 1656?
184
Calculate the greatest common divisor of 67827 and 483.
69
What is the highest common divisor of 3055 and 423?
47
What is the highest common divisor of 11403 and 45793?
181
Calculate the greatest common factor of 282030 and 2975.
595
Calculate the highest common divisor of 3355 and 27145.
305
What is the highest common factor of 232 and 2186832?
232
Calculate the greatest common divisor of 2675 and 3317.
107
Calculate the highest common factor of 285592 and 8.
8
What is the greatest common factor of 1000 and 9920?
40
What is the greatest common divisor of 3700 and 340?
20
What is the highest common divisor of 45 and 12120?
15
Calculate the greatest common factor of 432510 and 26.
26
What is the highest common divisor of 177 and 414357?
177
What is the greatest common factor of 600 and 17740?
20
Calculate the highest common factor of 1512 and 15864.
24
What is the greatest common factor of 2184 and 196?
28
Calculate the highest common divisor of 880495 and 770.
385
What is the highest common divisor of 15049 and 1192?
149
Calculate the greatest common divisor of 45 and 114696.
9
Calculate the greatest common divisor of 94526 and 313.
313
What is the greatest common divisor of 5456 and 32912?
176
Calculate the greatest common factor of 393167 and 19.
19
What is the greatest common divisor of 651 and 1530501?
651
What is the greatest common divisor of 408 and 12216?
24
What is the greatest common factor of 86647 and 33?
11
Calculate the greatest common factor of 906 and 564.
6
What is the greatest common divisor of 7792 and 25811?
487
What is the highest common factor of 24304 and 744?
248
Calculate the highest common divisor of 44947 and 49.
7
What is the highest common divisor of 609 and 223909?
203
What is the highest common factor of 190019 and 171?
19
What is the highest common divisor of 426 and 449714?
142
Calculate the highest common factor of 109 and 23969.
1
Calculate the greatest common divisor of 32976 and 414.
18
What is the highest common divisor of 161327 and 29?
29
Calculate the highest common divisor of 1024 and 253312.
128
Calculate the highest common factor of 70246 and 248.
62
What is the highest common divisor of 40 and 306880?
40
What is the highest common divisor of 1780218 and 99?
99
Calculate the highest common factor of 922 and 3444592.
922
What is the highest common divisor of 86030 and 1750?
70
What is the highest common divisor of 60164 and 40729?
169
Calculate the greatest common divisor of 152497 and 146.
73
Calculate the highest common divisor of 1001462 and 44.
22
What is the greatest common divisor of 76 and 214206?
38
Calculate the highest common divisor of 1905849 and 253.
253
What is the highest common divisor of 23633154 and 54?
54
Calculate the highest common factor of 990 and 1408.
22
Calculate the greatest common factor of 1090 and 56030.
10
Calculate the greatest common divisor of 2787520 and 80.
80
What is the highest common divisor of 66 and 1158?
6
Calculate the highest common factor of 213 and 233661.
213
Calculate the highest common factor of 32249 and 2618.
119
What is the highest common factor of 1661814 and 42?
42
What is the greatest common factor of 48 and 17424?
48
What is the highest common factor of 7525 and 293905?
215
What is the greatest common factor of 174 and 1338?
6
Calculate the greatest common factor of 299226 and 24.
6
Calculate the greatest common divisor of 88 and 72556.
44
Calculate the highest common factor of 2580 and 10.
10
What is the highest common divisor of 588 and 102606?
294
Calculate the greatest common factor of 106317 and 9.
9
What is the highest common factor of 273 and 1630482?
21
What is the greatest common divisor of 1224 and 30144?
24
What is the greatest common divisor of 312170 and 124?
62
Calculate the greatest common factor of 111 and 124912.
37
What is the greatest common divisor of 4708 and 88?
44
Calculate the greatest common divisor of 3593722 and 22.
22
What is the greatest common factor of 3 and 57549?
3
Calculate the highest common divisor of 1246 and 2926854.
1246
Calculate the greatest common factor of 765 and 35205.
15
What is the greatest common divisor of 485 and 172369?
97
What is the highest common divisor of 2388188 and 12?
4
Calculate the greatest common divisor of 1134 and 130032.
378
Calculate the highest common divisor of 1404 and 59436.
468
What is the greatest common divisor of 250 and 1395?
5
Calculate the highest common divisor of 1998 and 22311.
333
Calculate the greatest common divisor of 275 and 110.
55
What is the highest common divisor of 324828 and 1008?
252
Calculate the greatest common divisor of 885 and 23085.
15
Calculate the greatest common factor of 185589 and 17.
17
What is the greatest common factor of 1137330 and 180?
90
What is the highest common divisor of 9854 and 26?
26
What is the highest common divisor of 40506 and 628?
314
Calculate the greatest common factor of 751124 and 88.
44
What is the highest common divisor of 435780 and 360?
180
What is the greatest common factor of 40 and 173120?
40
Calculate the highest common divisor of 26 and 741078.
26
What is the highest common divisor of 33078 and 333?
111
Calculate the highest common divisor of 149 and 1902581.
149
Calculate the greatest common divisor of 90430 and 40.
10
Calculate the highest common factor of 74218 and 258.
86
Calculate the greatest common factor of 544 and 66.
2
Calculate the highest common divisor of 12240 and 880.
80
Calculate the highest common divisor of 340 and 1980.
20
What is the highest common divisor of 16555 and 1309?
77
What is the highest common divisor of 7562 and 3534?
38
Calculate the greatest common factor of 2296896 and 5376.
1344
What is the greatest common factor of 268155 and 30?
15
What is the greatest common factor of 175 and 5103?
7
Calculate the greatest common divisor of 820568 and 168.
56
Calculate the highest common divisor of 545490 and 209.
209
What is the greatest common divisor of 35048 and 1040?
104
What is the highest common divisor of 105 and 176925?
105
Calculate the highest common divisor of 304 and 13832.
152
What is the highest common divisor of 290254 and 309?
103
What is the greatest common divisor of 2352 and 943348?
196
What is the greatest common divisor of 240 and 42310?
10
Calculate the highest common factor of 48212 and 204.
68
What is the highest common factor of 390 and 453?
3
Calculate the highest common divisor of 390 and 7995.
195
What is the highest common divisor of 174522 and 816?
102
What is the highest common divisor of 8 and 2456?
8
Calculate the highest common factor of 511 and 8030.
73
Calculate the greatest common factor of 1890 and 1480.
10
Calculate the greatest common factor of 35109312 and 48.
48
What is the highest common divisor of 99486 and 846?
18
Calculate the greatest common divisor of 1760 and 1027180.
220
Calculate the highest common factor of 1591 and